 What is the units digit of u?
6
Let p be 1/(-2)*(2 - 2). Let h = p - -4. Suppose 0 = 5*q - 4*v - 15, h*q + 0*v - 18 = 2*v. What is the units digit of q?
7
Let g = 419 + -282. What is the tens digit of g?
3
Suppose g + 5*f - 4*f - 297 = 0, -4*g + 5*f = -1161. What is the tens digit of g?
9
Let s(x) be the second derivative of x**4/6 - x**2 - 2*x. What is the units digit of s(2)?
6
Let z(f) be the second derivative of f**3/6 + f**2 + 2*f. Let q be z(-5). Let h(w) = w**2 - 3. What is the units digit of h(q)?
6
Suppose q = 2*t - 33 - 11, 2*t + 5*q - 32 = 0. What is the units digit of t?
1
Let m = -18 - -24. What is the units digit of m?
6
Let i be 112/18 - (-2)/(-9). Suppose 0 = 2*h - i - 20. What is the tens digit of h?
1
Let q be (-4)/(-10)*1*5. Suppose -5*k + q*k = -6. What is the units digit of k?
2
Let t(j) = j**2 + 3*j + 4. Let n be t(3). Let q(m) = m**3 + 6*m**2 - 2*m + 11. Let i be q(-7). What is the tens digit of i*(n/(-6) - -3)?
1
Let j = 2 - -6. Let t be 14/j + 2/8. Let n = t - 1. What is the units digit of n?
1
What is the units digit of 0/14 + 30 + -1?
9
Suppose i + 3 = 3*i + w, -5*i - 5*w + 5 = 0. Suppose -250 = -i*z - 3*z - 5*v, 2*z - 2*v - 88 = 0. What is the tens digit of z?
4
Let d be 5/((1 + 2)/(-9)). Let k(v) = -v**3 - 14*v**2 + 12*v + 5. What is the units digit of k(d)?
0
Let x = 9 - 4. Suppose 3 = x*n - 7. What is the units digit of n?
2
Let i = 109 + -78. Let v = i - 21. What is the units digit of v?
0
Suppose 0 = 3*q + 5*t - 36, -14 - 1 = -5*t. Suppose -q + 55 = 4*g. Suppose -2*a = -2, -g = -2*j - 5*a + 13. What is the units digit of j?
0
Suppose -2*t + 39 = -4*q - 19, -3*q = t - 39. Let x = -21 + t. What is the units digit of x?
2
Suppose t + 14 - 17 = 0. What is the units digit of t?
3
Let u = -18 - -32. What is the tens digit of u?
1
Let a(z) = -z**2 + 7*z + 7. Let w be a(7). Let r = -3 + w. What is the units digit of r?
4
Suppose 0 = f + 4*g - 57, 5 + 121 = 2*f + 5*g. What is the units digit of f?
3
Let q = 23 - -1. Let o = -22 + q. What is the units digit of o?
2
Suppose k - 17 = i - 4*i, 3*i = -4*k + 32. Let w = k + -3. Suppose o + 4*s - 7 = -2*o, 3*o - 17 = -w*s. What is the units digit of o?
9
Suppose 34 = 4*f + 26. Let k(n) = 3*n + 5. Let s(l) = l + 1. Let b(g) = -k(g) + 4*s(g). What is the units digit of b(f)?
1
Suppose 0 = -0*d + 2*d - 2, -4*f = -d - 11. Suppose 4*x + 3*l = x + f, 0 = -2*x - l - 1. What is the tens digit of x - ((-34)/2)/1?
1
What is the tens digit of (-6)/(-6)*53/1?
5
Let p(s) be the first derivative of -3*s**2/2 - 5*s - 3. What is the units digit of p(-10)?
5
Let r(t) = t**3 + 7*t**2 + 6*t + 2. What is the tens digit of r(-5)?
2
Let d = 0 + -1. Let x = -4 + d. Let v(n) = n**2 + 3*n - 6. What is the units digit of v(x)?
4
Let w(q) = 0*q - 2*q + q - 2. What is the units digit of w(-3)?
1
Suppose -5*r = -8*r + 255. Suppose 4*n = 3*z + 59 + r, 5*n = 3*z + 183. What is the tens digit of n?
3
What is the units digit of (6/(-12))/(3/(-12))?
2
Let o(b) = 2*b**2 - 2*b - 3. Let n be o(3). Let x = n - 7. What is the units digit of x?
2
Let t = -47 - -72. What is the units digit of t?
5
Let d(s) = 2*s**2 + 6*s - 7. What is the tens digit of d(5)?
7
Suppose 25 = 2*w - 1. What is the tens digit of 2/(-13) - (-132)/w?
1
Suppose -k = -5*s - 5 - 195, 5*k + 5*s - 1120 = 0. Suppose -4*d = d + k. What is the tens digit of (1/(-2))/(2/d)?
1
Suppose 2*p = 2*h - 2*p - 82, 0 = -2*p - 4. What is the units digit of h?
7
Let a(k) = -k**2 + 4*k - 1. Let l be a(3). What is the units digit of ((-1)/2)/(l/(-4))?
1
Suppose 5 + 10 = 3*y. Suppose y*v - 8 = 17. Suppose -k - 3*q = -0*k - 7, -v*q - 36 = -2*k. What is the units digit of k?
3
Let g(i) = i**3 - 7*i**2 - 5*i + 3. Suppose -4*j + 36 = -l, -j - l = -0*j - 4. What is the tens digit of g(j)?
2
Let y = 234 - 3. What is the tens digit of y?
3
Let i(m) = m**3. Let a(g) = 5*g**3 + 4*g**2 + 3*g + 4. Let d(k) = -a(k) + 6*i(k). Let p be d(5). Let u = 15 - p. What is the units digit of u?
9
Let y(h) = -3*h**3 - 7*h**2 - 5*h + 2. What is the tens digit of y(-4)?
0
Let w = -2 - -6. Suppose -4*n = 4*h - 40, -5*h + n + 10 = -w*n. What is the units digit of h?
6
Suppose 0*c = -3*c - 57. Let u = 39 + c. What is the units digit of u?
0
Suppose -3*i + 7 + 8 = 0. Suppose -4*d + 40 = 5*g - g, 0 = -5*d + 3*g + 26. Suppose -d - i = -k. What is the tens digit of k?
1
Suppose 2*p - 42 = 20. Suppose 0 = -4*v + 25 + p. What is the tens digit of v?
1
Let k = 8 + -5. What is the units digit of k?
3
Let x = -74 + 294. What is the hundreds digit of x?
2
Let a(w) = 27*w + 80. What is the units digit of a(8)?
6
Suppose 0 = -2*i + 3*y + 133, y + 6 = -i + 85. What is the tens digit of i?
7
Let f be 92/6 - 2/6. Suppose 4*s = 25 + f. What is the units digit of s?
0
Suppose 11*x = 10*x + 1. What is the units digit of (-12)/(-4)*x*13?
9
Suppose h - 3 = 12. Let r = h - 0. What is the tens digit of r?
1
Let t be 0*(2 - (-10)/(-4)). Suppose -4*b + 22 = -3*s, -5*b - 4*s - s + 45 = t. What is the units digit of b?
7
Let r(a) = -a**3 + 4*a**2 - a - 4. Let z = 2 + 1. Let p be r(z). Suppose -6 = p*c, -5 = -4*d + 3*c + 8. What is the units digit of d?
1
Suppose -3*x = x - 200. What is the tens digit of (-1)/(148/x - 3)?
2
Let n(m) = 8*m - 7. Let c be n(5). Let d = 48 - c. Suppose -1 = q - d. What is the tens digit of q?
1
What is the units digit of 778*((-4)/(-16) - (-2)/8)?
9
Let z(x) = 2*x**2 + 10*x + 16. What is the tens digit of z(-5)?
1
Let m be 3*(2 - 3)/(-1). Suppose -y - 5*l + 19 = -m, 5*y + l = 62. What is the units digit of y?
2
Suppose 0 = 2*v + 2*k - 30, 7*v = 2*v + 2*k + 54. What is the units digit of (0 + 9/v)*4?
3
Suppose -40 = -g - 3*g. Let u be g/(-25) - 12/(-5). Suppose u + 3 = 5*t. What is the units digit of t?
1
Let w be (5 - 6) + 0 + 5. Suppose 16 - w = 4*j. What is the units digit of j?
3
Let l = 74 - 27. Suppose 2*i - 29 = 5*o, -5*i + 2*o = -2*o - l. What is the units digit of i?
7
Let y(h) = h - 4. Let v be y(6). What is the units digit of ((-9)/6)/(v/(-20))?
5
Let i(n) = 9*n + 2. What is the units digit of i(3)?
9
Suppose -8 = -3*i - i. Suppose -2*r + 2*s + 24 = 0, -r - i*s + 66 = 3*r. What is the units digit of r?
5
Let s be -1*(0 + 1)*0. Suppose s = -3*h + g + 22, h + h = -2*g + 4. Let z(o) = -o**3 + 5*o**2 + 8*o + 1. What is the tens digit of z(h)?
1
Let d = 1 - 0. Suppose -7*f = -3*f - 20. Suppose d = -2*a + f. What is the units digit of a?
2
Let u = 44 + -40. What is the units digit of u?
4
Let k = 26 + 46. What is the units digit of k?
2
Suppose w - 21 - 20 = 0. Suppose -9 = -5*k + w. What is the tens digit of k?
1
Suppose 0 = 9*n - 3*n - 150. What is the units digit of n?
5
Let x = -17 - -11. Let m be (-3 - x)*(-2)/(-2). Suppose -2*r = m*r - 20. What is the units digit of r?
4
Suppose -o - 4*o + 185 = 0. What is the units digit of o?
7
Let n(z) = -z + 7. Let m be (-8)/4*6/(-4). What is the units digit of n(m)?
4
Let a = 15 + -29. Let o = a - -27. What is the tens digit of o?
1
Let b(f) = -2*f**3 + 2*f**2 - 3*f + 1. Let s be b(2). Let g = -6 - s. What is the units digit of g?
7
What is the hundreds digit of (2 - (-76)/(-3))/(22/(-165))?
1
Let d be (-3)/(-1 - 2)*-3. What is the units digit of 1*(d + 5 - 1)?
1
Let i be 4/(-6)*18/(-4). Suppose 2*h - i*h = -15. What is the units digit of (-1)/(-2) + h/6?
3
Suppose 8 + 16 = 4*n. Let z be 7/(n/(-4) - -2). Suppose 2*s - 2 = 0, 4*s + z = p + 2*s. What is the units digit of p?
6
Suppose -r = 3*g + 3 + 10, -4*g - 18 = r. Suppose -z = -r*d + 24, -2*d - 2*z + 4 = 2*z. Let j = d + -6. What is the units digit of j?
4
What is the tens digit of (-56)/48 + 2/12 - -319?
1
Let c be 0/(-2) - (-7 - 2). Suppose 8*l = c*l - 13. What is the units digit of l?
3
Let j be ((-91)/14)/((-2)/24). Let i be 20/(-15)*j/4. Let m = -15 - i. What is the units digit of m?
1
Let l = -235 - -356. What is the tens digit of l?
2
Suppose -10 = -2*x + x. Let b(r) = 3*r + 1. What is the tens digit of b(x)?
3
Let q = -101 - -158. What is the tens digit of q?
5
Let i(u) = u**2 + 0*u**2 + 3*u**2. Let l be i(-1). Let s = l - -1. What is the units digit of s?
5
Let p(q) = 67*q + 2. What is the units digit of p(1)?
9
Let w = -78 - -131. What is the tens digit of w?
5
Let s be 5/(-2)*4/(-5). Suppose 5*x = -4*k - 4, x - 5 = -0*k + 5*k. Suppose -28 = -x*t - s*t. What is the units di